{"id":30,"date":"2025-03-15T19:56:28","date_gmt":"2025-03-15T19:56:28","guid":{"rendered":"http:\/\/localhost\/zeolit\/?page_id=30"},"modified":"2026-01-11T19:30:56","modified_gmt":"2026-01-11T19:30:56","slug":"kontakt","status":"publish","type":"page","link":"https:\/\/zeofit.si\/?page_id=30","title":{"rendered":"Naro\u010dilo"},"content":{"rendered":"<section class=\"bde-section-30-102 bde-section\">\n  \n  \n\t\n\n\n\n<div class=\"section-container\"><h4 class=\"bde-heading-30-105 bde-heading\">\nObrazec za naro\u010danje:\n<\/h4><div class=\"bde-rich-text-30-107 bde-rich-text breakdance-rich-text-styles\">\n<p><strong>Kopirajte, izpolnite in po\u0161ljite na E-mail: info@zeofit.si<\/strong><\/p>\n<\/div><div class=\"bde-text-30-103 bde-text\">\nNaro\u010damo: <br>Zeolit do 20 mikronov _ kosov<br>Zeolit do 5 mikronov _ kosov<br>Pasta za zobe _ kosov<br><br>Pla\u010dnik\/ca: ime, priimek<br>Naslov: <br>Po\u0161ta:<br><br>Naslov za dostavo: isti kot pla\u010dnik \/ vpi\u0161ite naslov za dostavo<br>Ime , priimek:<br>Naslov:<br>Po\u0161ta\n<\/div><\/div>\n<\/section>","protected":false},"excerpt":{"rendered":"<p>Obrazec za naro\u010danje: Kopirajte, izpolnite in po\u0161ljite na E-mail: info@zeofit.si Naro\u010damo: Zeolit do 20 mikronov _ kosovZeolit do 5 mikronov _ kosovPasta za zobe _ kosovPla\u010dnik\/ca: ime, priimekNaslov: Po\u0161ta:Naslov za dostavo: isti kot pla\u010dnik \/ vpi\u0161ite naslov za dostavoIme , priimek:Naslov:Po\u0161ta<\/p>\n","protected":false},"author":1,"featured_media":0,"parent":0,"menu_order":0,"comment_status":"closed","ping_status":"closed","template":"","meta":{"_breakdance_hide_in_design_set":false,"_breakdance_tags":"","footnotes":""},"class_list":["post-30","page","type-page","status-publish","hentry"],"jetpack_sharing_enabled":true,"_links":{"self":[{"href":"https:\/\/zeofit.si\/index.php?rest_route=\/wp\/v2\/pages\/30","targetHints":{"allow":["GET"]}}],"collection":[{"href":"https:\/\/zeofit.si\/index.php?rest_route=\/wp\/v2\/pages"}],"about":[{"href":"https:\/\/zeofit.si\/index.php?rest_route=\/wp\/v2\/types\/page"}],"author":[{"embeddable":true,"href":"https:\/\/zeofit.si\/index.php?rest_route=\/wp\/v2\/users\/1"}],"replies":[{"embeddable":true,"href":"https:\/\/zeofit.si\/index.php?rest_route=%2Fwp%2Fv2%2Fcomments&post=30"}],"version-history":[{"count":2,"href":"https:\/\/zeofit.si\/index.php?rest_route=\/wp\/v2\/pages\/30\/revisions"}],"predecessor-version":[{"id":155,"href":"https:\/\/zeofit.si\/index.php?rest_route=\/wp\/v2\/pages\/30\/revisions\/155"}],"wp:attachment":[{"href":"https:\/\/zeofit.si\/index.php?rest_route=%2Fwp%2Fv2%2Fmedia&parent=30"}],"curies":[{"name":"wp","href":"https:\/\/api.w.org\/{rel}","templated":true}]}}